{"id":2423,"date":"2021-09-15T12:52:13","date_gmt":"2021-09-15T12:52:13","guid":{"rendered":"http:\/\/themes91.in\/wp\/thetranquil\/main-site\/?page_id=2423"},"modified":"2026-04-07T10:50:37","modified_gmt":"2026-04-07T10:50:37","slug":"special-offers","status":"publish","type":"page","link":"https:\/\/www.dktrnava.sk\/?page_id=2423","title":{"rendered":"N\u00e1kupn\u00e1 z\u00f3na"},"content":{"rendered":"<p>[vc_row css=&#8220;.vc_custom_1553853442150{padding-top: 76px !important;padding-bottom: 50px !important;}&#8220;][vc_column]<div class=\"tv_heading_style2 text-center \"><h5 style=color:#b08d54 class=\"tv_heading2_sub_title\">N\u00e1jdete u n\u00e1s<\/h5><h1 style=color:#222222 class=\"tv_heading2_title\">Obchodn\u00e9 prev\u00e1dzy a slu\u017eby<\/h1><\/div>[vc_row_inner][vc_column_inner width=&#8220;1\/3&#8243;]<div class=\"offer_wrapper\">\t\r\n                                 <div class=\"item\">\t\t\t\t   \r\n\t\t\t\t\t\t\t        <div class=\"offer\"><img decoding=\"async\" src=\"https:\/\/www.dktrnava.sk\/wp-content\/uploads\/2023\/05\/CH3A8648-1.jpg\" alt=\"best_deal\" \/><div class=\"text_wrapper\"><h3>U Andel\u00ed\u010dka<\/h3><a href=\"https:\/\/www.dktrnava.sk\/?page_id=4704\" class=\"tv_btn tv_small_btn\">Zistite viac<\/a><\/div>  \r\n\t\t\t\t\t\t\t       <\/div>\r\n\t\t\t\t\t\t\t   <\/div>\r\n\t\t\t\t\t\t\t<\/div><div class=\"offer_wrapper\">\t\r\n                                 <div class=\"item\">\t\t\t\t   \r\n\t\t\t\t\t\t\t        <div class=\"offer\"><img decoding=\"async\" src=\"https:\/\/www.dktrnava.sk\/wp-content\/uploads\/2022\/12\/zmrka-2.jpg\" alt=\"best_deal\" \/><div class=\"text_wrapper\"><h3>Troji\u010dn\u00e1 zmrzka<\/h3><a href=\"https:\/\/www.dktrnava.sk\/?page_id=4729\" class=\"tv_btn tv_small_btn\">Zistite viac<\/a><\/div>  \r\n\t\t\t\t\t\t\t       <\/div>\r\n\t\t\t\t\t\t\t   <\/div>\r\n\t\t\t\t\t\t\t<\/div><div class=\"offer_wrapper\">\t\r\n                                 <div class=\"item\">\t\t\t\t   \r\n\t\t\t\t\t\t\t        <div class=\"offer\"><img decoding=\"async\" src=\"https:\/\/www.dktrnava.sk\/wp-content\/uploads\/2022\/12\/bylinky.jpg\" alt=\"best_deal\" \/><div class=\"text_wrapper\"><h3>K\u00fazeln\u00e9 Bylinky<\/h3><a href=\"https:\/\/www.dktrnava.sk\/?page_id=4781\" class=\"tv_btn tv_small_btn\">Zistite viac<\/a><\/div>  \r\n\t\t\t\t\t\t\t       <\/div>\r\n\t\t\t\t\t\t\t   <\/div>\r\n\t\t\t\t\t\t\t<\/div><div class=\"offer_wrapper\">\t\r\n                                 <div class=\"item\">\t\t\t\t   \r\n\t\t\t\t\t\t\t        <div class=\"offer\"><img decoding=\"async\" src=\"https:\/\/www.dktrnava.sk\/wp-content\/uploads\/2022\/12\/oknadvere.jpg\" alt=\"best_deal\" \/><div class=\"text_wrapper\"><h3>Modern\u00e9 dvere<\/h3><a href=\"https:\/\/www.dktrnava.sk\/?page_id=4801\" class=\"tv_btn tv_small_btn\">Zistite viac<\/a><\/div>  \r\n\t\t\t\t\t\t\t       <\/div>\r\n\t\t\t\t\t\t\t   <\/div>\r\n\t\t\t\t\t\t\t<\/div>[\/vc_column_inner][vc_column_inner width=&#8220;1\/3&#8243;]<div class=\"offer_wrapper\">\t\r\n                                 <div class=\"item\">\t\t\t\t   \r\n\t\t\t\t\t\t\t        <div class=\"offer\"><img decoding=\"async\" src=\"https:\/\/www.dktrnava.sk\/wp-content\/uploads\/2022\/12\/urad1.jpg\" alt=\"best_deal\" \/><div class=\"text_wrapper\"><h3>\u00darad pre doh\u013ead nad zdravotnou starostlivos\u0165ou<\/h3><a href=\"https:\/\/www.dktrnava.sk\/?page_id=4687\" class=\"tv_btn tv_small_btn\">Zistite viac<\/a><\/div>\r\n\t\t\t\t\t\t\t       <\/div>\r\n\t\t\t\t\t\t\t   <\/div>\r\n\t\t\t\t\t\t\t<\/div><div class=\"offer_wrapper\">\t\r\n                                 <div class=\"item\">\t\t\t\t   \r\n\t\t\t\t\t\t\t        <div class=\"offer\"><img decoding=\"async\" src=\"https:\/\/www.dktrnava.sk\/wp-content\/uploads\/2022\/12\/maxim.jpg\" alt=\"best_deal\" \/><div class=\"text_wrapper\"><h3>Maxim restaurant &amp; caf\u00e9<\/h3><a href=\"https:\/\/www.dktrnava.sk\/?page_id=4766\" class=\"tv_btn tv_small_btn\">Zistite viac<\/a><\/div>  \r\n\t\t\t\t\t\t\t       <\/div>\r\n\t\t\t\t\t\t\t   <\/div>\r\n\t\t\t\t\t\t\t<\/div><div class=\"offer_wrapper\">\t\r\n                                 <div class=\"item\">\t\t\t\t   \r\n\t\t\t\t\t\t\t        <div class=\"offer\"><img decoding=\"async\" src=\"https:\/\/www.dktrnava.sk\/wp-content\/uploads\/2022\/12\/kids.jpg\" alt=\"best_deal\" \/><div class=\"text_wrapper\"><h3>Fashion by Kids<\/h3><a href=\"https:\/\/www.dktrnava.sk\/?page_id=4786\" class=\"tv_btn tv_small_btn\">Zistite viac<\/a><\/div>  \r\n\t\t\t\t\t\t\t       <\/div>\r\n\t\t\t\t\t\t\t   <\/div>\r\n\t\t\t\t\t\t\t<\/div>[\/vc_column_inner][vc_column_inner width=&#8220;1\/3&#8243;]<div class=\"offer_wrapper\">\t\r\n                                 <div class=\"item\">\t\t\t\t   \r\n\t\t\t\t\t\t\t        <div class=\"offer\"><img decoding=\"async\" src=\"https:\/\/www.dktrnava.sk\/wp-content\/uploads\/2022\/12\/vseobecna.jpg\" alt=\"best_deal\" \/><div class=\"text_wrapper\"><h3>Boris Varga \u2013 LABORATORY<\/h3><a href=\"https:\/\/www.dktrnava.sk\/?page_id=4700\" class=\"tv_btn tv_small_btn\">Zistite viac<\/a><\/div>\r\n\t\t\t\t\t\t\t       <\/div>\r\n\t\t\t\t\t\t\t   <\/div>\r\n\t\t\t\t\t\t\t<\/div><div class=\"offer_wrapper\">\t\r\n                                 <div class=\"item\">\t\t\t\t   \r\n\t\t\t\t\t\t\t        <div class=\"offer\"><img decoding=\"async\" src=\"https:\/\/www.dktrnava.sk\/wp-content\/uploads\/2022\/12\/skoluda.jpg\" alt=\"best_deal\" \/><div class=\"text_wrapper\"><h3>Pek\u00e1re\u0148 \u0160koluda<\/h3><a href=\"https:\/\/www.dktrnava.sk\/?page_id=4746\" class=\"tv_btn tv_small_btn\">Zistite viac<\/a><\/div>  \r\n\t\t\t\t\t\t\t       <\/div>\r\n\t\t\t\t\t\t\t   <\/div>\r\n\t\t\t\t\t\t\t<\/div><div class=\"offer_wrapper\">\t\r\n                                 <div class=\"item\">\t\t\t\t   \r\n\t\t\t\t\t\t\t        <div class=\"offer\"><img decoding=\"async\" src=\"https:\/\/www.dktrnava.sk\/wp-content\/uploads\/2022\/12\/monty.jpg\" alt=\"best_deal\" \/><div class=\"text_wrapper\"><h3>Zlatn\u00edctvo Monty<\/h3><a href=\"https:\/\/www.dktrnava.sk\/?page_id=4775\" class=\"tv_btn tv_small_btn\">Zistite viac<\/a><\/div>  \r\n\t\t\t\t\t\t\t       <\/div>\r\n\t\t\t\t\t\t\t   <\/div>\r\n\t\t\t\t\t\t\t<\/div><div class=\"offer_wrapper\">\t\r\n                                 <div class=\"item\">\t\t\t\t   \r\n\t\t\t\t\t\t\t        <div class=\"offer\"><img decoding=\"async\" src=\"https:\/\/www.dktrnava.sk\/wp-content\/uploads\/2025\/02\/vseobecna-foto-nakupna-zona.jpg\" alt=\"best_deal\" \/><div class=\"text_wrapper\"><h3>GGT trafika<\/h3><a href=\"https:\/\/www.dktrnava.sk\/?page_id=4816\" class=\"tv_btn tv_small_btn\">Zistite viac<\/a><\/div>  \r\n\t\t\t\t\t\t\t       <\/div>\r\n\t\t\t\t\t\t\t   <\/div>\r\n\t\t\t\t\t\t\t<\/div>[\/vc_column_inner][\/vc_row_inner][\/vc_column][\/vc_row]<\/p>\n","protected":false},"excerpt":{"rendered":"<p>[vc_row css=&#8220;.vc_custom_1553853442150{padding-top: 76px !important;padding-bottom: 50px !important;}&#8220;][vc_column][vc_row_inner][vc_column_inner width=&#8220;1\/3&#8243;][\/vc_column_inner][vc_column_inner width=&#8220;1\/3&#8243;][\/vc_column_inner][vc_column_inner width=&#8220;1\/3&#8243;][\/vc_column_inner][\/vc_row_inner][\/vc_column][\/vc_row]<\/p>\n","protected":false},"author":1,"featured_media":0,"parent":0,"menu_order":0,"comment_status":"closed","ping_status":"closed","template":"","meta":{"footnotes":""},"class_list":["post-2423","page","type-page","status-publish","hentry"],"yoast_head":"<!-- This site is optimized with the Yoast SEO plugin v22.6 - https:\/\/yoast.com\/wordpress\/plugins\/seo\/ -->\n<title>N\u00e1kupn\u00e1 z\u00f3na - DK Trnava<\/title>\n<meta name=\"robots\" content=\"index, follow, max-snippet:-1, max-image-preview:large, max-video-preview:-1\" \/>\n<link rel=\"canonical\" href=\"https:\/\/www.dktrnava.sk\/?page_id=2423\" \/>\n<meta property=\"og:locale\" content=\"sk_SK\" \/>\n<meta property=\"og:type\" content=\"article\" \/>\n<meta property=\"og:title\" content=\"N\u00e1kupn\u00e1 z\u00f3na - DK Trnava\" \/>\n<meta property=\"og:description\" content=\"[vc_row css=&#8220;.vc_custom_1553853442150{padding-top: 76px !important;padding-bottom: 50px !important;}&#8220;][vc_column][vc_row_inner][vc_column_inner width=&#8220;1\/3&#8243;][\/vc_column_inner][vc_column_inner width=&#8220;1\/3&#8243;][\/vc_column_inner][vc_column_inner width=&#8220;1\/3&#8243;][\/vc_column_inner][\/vc_row_inner][\/vc_column][\/vc_row]\" \/>\n<meta property=\"og:url\" content=\"https:\/\/www.dktrnava.sk\/?page_id=2423\" \/>\n<meta property=\"og:site_name\" content=\"DK Trnava\" \/>\n<meta property=\"article:modified_time\" content=\"2026-04-07T10:50:37+00:00\" \/>\n<meta name=\"twitter:card\" content=\"summary_large_image\" \/>\n<meta name=\"twitter:label1\" content=\"Predpokladan\u00fd \u010das \u010d\u00edtania\" \/>\n\t<meta name=\"twitter:data1\" content=\"3 min\u00faty\" \/>\n<script type=\"application\/ld+json\" class=\"yoast-schema-graph\">{\"@context\":\"https:\/\/schema.org\",\"@graph\":[{\"@type\":\"WebPage\",\"@id\":\"https:\/\/www.dktrnava.sk\/?page_id=2423\",\"url\":\"https:\/\/www.dktrnava.sk\/?page_id=2423\",\"name\":\"N\u00e1kupn\u00e1 z\u00f3na - DK Trnava\",\"isPartOf\":{\"@id\":\"https:\/\/www.dktrnava.sk\/#website\"},\"datePublished\":\"2021-09-15T12:52:13+00:00\",\"dateModified\":\"2026-04-07T10:50:37+00:00\",\"breadcrumb\":{\"@id\":\"https:\/\/www.dktrnava.sk\/?page_id=2423#breadcrumb\"},\"inLanguage\":\"sk-SK\",\"potentialAction\":[{\"@type\":\"ReadAction\",\"target\":[\"https:\/\/www.dktrnava.sk\/?page_id=2423\"]}]},{\"@type\":\"BreadcrumbList\",\"@id\":\"https:\/\/www.dktrnava.sk\/?page_id=2423#breadcrumb\",\"itemListElement\":[{\"@type\":\"ListItem\",\"position\":1,\"name\":\"Home\",\"item\":\"https:\/\/www.dktrnava.sk\/\"},{\"@type\":\"ListItem\",\"position\":2,\"name\":\"N\u00e1kupn\u00e1 z\u00f3na\"}]},{\"@type\":\"WebSite\",\"@id\":\"https:\/\/www.dktrnava.sk\/#website\",\"url\":\"https:\/\/www.dktrnava.sk\/\",\"name\":\"DK Trnava\",\"description\":\"Dom kult\u00fary Trnava (DK Trnava) je dominantnou s\u00fa\u010das\u0165ou centra mesta od roku 1987. V samotnom centre Trnavy m\u00f4\u017eete pod jednou strechou za\u017ei\u0165 kult\u00farne podujatia najlep\u0161\u00edch slovensk\u00fdch hercov a spev\u00e1kov, nave\u010dera\u0165 sa v jednej z najluxusnej\u0161\u00edch re\u0161taur\u00e1cii v meste alebo vyu\u017ei\u0165 bohat\u00e9 mo\u017enosti n\u00e1kupov a slu\u017eieb.\",\"potentialAction\":[{\"@type\":\"SearchAction\",\"target\":{\"@type\":\"EntryPoint\",\"urlTemplate\":\"https:\/\/www.dktrnava.sk\/?s={search_term_string}\"},\"query-input\":\"required name=search_term_string\"}],\"inLanguage\":\"sk-SK\"}]}<\/script>\n<!-- \/ Yoast SEO plugin. -->","yoast_head_json":{"title":"N\u00e1kupn\u00e1 z\u00f3na - DK Trnava","robots":{"index":"index","follow":"follow","max-snippet":"max-snippet:-1","max-image-preview":"max-image-preview:large","max-video-preview":"max-video-preview:-1"},"canonical":"https:\/\/www.dktrnava.sk\/?page_id=2423","og_locale":"sk_SK","og_type":"article","og_title":"N\u00e1kupn\u00e1 z\u00f3na - DK Trnava","og_description":"[vc_row css=&#8220;.vc_custom_1553853442150{padding-top: 76px !important;padding-bottom: 50px !important;}&#8220;][vc_column][vc_row_inner][vc_column_inner width=&#8220;1\/3&#8243;][\/vc_column_inner][vc_column_inner width=&#8220;1\/3&#8243;][\/vc_column_inner][vc_column_inner width=&#8220;1\/3&#8243;][\/vc_column_inner][\/vc_row_inner][\/vc_column][\/vc_row]","og_url":"https:\/\/www.dktrnava.sk\/?page_id=2423","og_site_name":"DK Trnava","article_modified_time":"2026-04-07T10:50:37+00:00","twitter_card":"summary_large_image","twitter_misc":{"Predpokladan\u00fd \u010das \u010d\u00edtania":"3 min\u00faty"},"schema":{"@context":"https:\/\/schema.org","@graph":[{"@type":"WebPage","@id":"https:\/\/www.dktrnava.sk\/?page_id=2423","url":"https:\/\/www.dktrnava.sk\/?page_id=2423","name":"N\u00e1kupn\u00e1 z\u00f3na - DK Trnava","isPartOf":{"@id":"https:\/\/www.dktrnava.sk\/#website"},"datePublished":"2021-09-15T12:52:13+00:00","dateModified":"2026-04-07T10:50:37+00:00","breadcrumb":{"@id":"https:\/\/www.dktrnava.sk\/?page_id=2423#breadcrumb"},"inLanguage":"sk-SK","potentialAction":[{"@type":"ReadAction","target":["https:\/\/www.dktrnava.sk\/?page_id=2423"]}]},{"@type":"BreadcrumbList","@id":"https:\/\/www.dktrnava.sk\/?page_id=2423#breadcrumb","itemListElement":[{"@type":"ListItem","position":1,"name":"Home","item":"https:\/\/www.dktrnava.sk\/"},{"@type":"ListItem","position":2,"name":"N\u00e1kupn\u00e1 z\u00f3na"}]},{"@type":"WebSite","@id":"https:\/\/www.dktrnava.sk\/#website","url":"https:\/\/www.dktrnava.sk\/","name":"DK Trnava","description":"Dom kult\u00fary Trnava (DK Trnava) je dominantnou s\u00fa\u010das\u0165ou centra mesta od roku 1987. V samotnom centre Trnavy m\u00f4\u017eete pod jednou strechou za\u017ei\u0165 kult\u00farne podujatia najlep\u0161\u00edch slovensk\u00fdch hercov a spev\u00e1kov, nave\u010dera\u0165 sa v jednej z najluxusnej\u0161\u00edch re\u0161taur\u00e1cii v meste alebo vyu\u017ei\u0165 bohat\u00e9 mo\u017enosti n\u00e1kupov a slu\u017eieb.","potentialAction":[{"@type":"SearchAction","target":{"@type":"EntryPoint","urlTemplate":"https:\/\/www.dktrnava.sk\/?s={search_term_string}"},"query-input":"required name=search_term_string"}],"inLanguage":"sk-SK"}]}},"_links":{"self":[{"href":"https:\/\/www.dktrnava.sk\/index.php?rest_route=\/wp\/v2\/pages\/2423","targetHints":{"allow":["GET"]}}],"collection":[{"href":"https:\/\/www.dktrnava.sk\/index.php?rest_route=\/wp\/v2\/pages"}],"about":[{"href":"https:\/\/www.dktrnava.sk\/index.php?rest_route=\/wp\/v2\/types\/page"}],"author":[{"embeddable":true,"href":"https:\/\/www.dktrnava.sk\/index.php?rest_route=\/wp\/v2\/users\/1"}],"replies":[{"embeddable":true,"href":"https:\/\/www.dktrnava.sk\/index.php?rest_route=%2Fwp%2Fv2%2Fcomments&post=2423"}],"version-history":[{"count":66,"href":"https:\/\/www.dktrnava.sk\/index.php?rest_route=\/wp\/v2\/pages\/2423\/revisions"}],"predecessor-version":[{"id":5415,"href":"https:\/\/www.dktrnava.sk\/index.php?rest_route=\/wp\/v2\/pages\/2423\/revisions\/5415"}],"wp:attachment":[{"href":"https:\/\/www.dktrnava.sk\/index.php?rest_route=%2Fwp%2Fv2%2Fmedia&parent=2423"}],"curies":[{"name":"wp","href":"https:\/\/api.w.org\/{rel}","templated":true}]}}