{"id":2288,"date":"2021-09-15T04:29:44","date_gmt":"2021-09-15T04:29:44","guid":{"rendered":"http:\/\/themes91.in\/wp\/thetranquil\/main-site\/?page_id=2288"},"modified":"2023-04-20T05:11:00","modified_gmt":"2023-04-20T05:11:00","slug":"about","status":"publish","type":"page","link":"https:\/\/www.dktrnava.sk\/?page_id=2288","title":{"rendered":"O n\u00e1s"},"content":{"rendered":"<p>[vc_row css=&#8220;.vc_custom_1553766738465{padding-top: 80px !important;padding-bottom: 45px !important;}&#8220;][vc_column width=&#8220;1\/2&#8243; el_class=&#8220;trhotel_about&#8220;]<div class=\"tv_heading_style2 text-left tr_heading_dynamic\"><h5  class=\"tv_heading2_sub_title\">O n\u00e1s<\/h5><h1  class=\"tv_heading2_title\">Z hist\u00f3rie<\/h1><\/div>[vc_column_text css=&#8220;.vc_custom_1655718937846{margin-bottom: 15px !important;}&#8220;]<strong>Dom kult\u00fary Trnava (DK Trnava) je dominantnou s\u00fa\u010das\u0165ou centra mesta od roku 1987.<\/strong><\/p>\n<p><strong>Od roku 2006 je vlastn\u00edkom objektu spolo\u010dnos\u0165 \u017dOS Trnava, a.s., ktor\u00e1 po k\u00fape prist\u00fapila k\u00a0jeho rekon\u0161trukcii. T\u00e1 zah\u0155\u0148ala prestavbu vonkaj\u0161\u00edch priestorov od Troji\u010dn\u00e9ho n\u00e1mestia, vybudovanie nov\u00fdch obchodn\u00fdch prev\u00e1dzok a rekon\u0161trukciu vn\u00fatorn\u00e9ho foyer so \u0161at\u0148ami a\u00a0soci\u00e1lnym z\u00e1zem\u00edm. Ve\u013ekorys\u00e9 schodiskov\u00e9 priestory dostali kvalitn\u00e9 modern\u00e9 osvetlenie a\u00a0na podlahe sa rozprestiera \u010derven\u00fd koberec navodzuj\u00faci sl\u00e1vnostn\u00fa atmosf\u00e9ru.<br \/>\nNa prvom poschod\u00ed sa v s\u00fa\u010dasnosti nach\u00e1dza luxusn\u00e1 re\u0161taur\u00e1cia s kvalitnou kuchy\u0148ou a jedine\u010dn\u00fdm v\u00fdh\u013eadom na Troji\u010dn\u00e9 n\u00e1mestie.<\/strong><\/p>\n<p><strong>S\u00fa\u010das\u0165ou DK Trnava je unik\u00e1tna s\u00e1la s kinov\u00fdm seden\u00edm s kapacitou 725 miest na sedenie, ktor\u00fa je pod\u013ea po\u017eiadaviek mo\u017en\u00e9 upravi\u0165 na s\u00e1lu so stolov\u00fdm seden\u00edm s kapacitou cca 400 miest na sedenie + tane\u010dn\u00fd parket.<\/strong><\/p>\n<p>&nbsp;<\/p>\n<p>T\u00e1to skuto\u010dnos\u0165 predznamen\u00e1va aj vyu\u017eitie objektu DK Trnava:<\/p>\n<p>&nbsp;<\/p>\n<p>v DK Trnava usporad\u00favame r\u00f4zne kult\u00farno-spolo\u010densk\u00e9 podujatia, divadeln\u00e9\u00a0\u00a0 predstavenia, koncerty, plesy, detsk\u00e9 predstavenia, benefi\u010dn\u00e9 akcie, tane\u010dn\u00e9 a z\u00e1bavn\u00e9 vyst\u00fapenia r\u00f4znych \u017e\u00e1nrov profesion\u00e1lnej i amat\u00e9rskej umeleckej \u010dinnosti<\/p>\n<p>DK Trnava prenaj\u00edma svoje priestory, ak nie s\u00fa vyu\u017eit\u00e9 na vlastn\u00fa \u010dinnos\u0165, in\u00fdm\u00a0 organiz\u00e1ci\u00e1m\u00a0 vr\u00e1tane dostupn\u00e9ho technick\u00e9ho vybavenia<\/p>\n<p>DK Trnava zabezpe\u010duje propag\u00e1ciu svojich aktiv\u00edt, ako aj aktiv\u00edt organizovan\u00fdch inou\u00a0 organiz\u00e1ciou v priestoroch DK<\/p>\n<p>&nbsp;<\/p>\n<p>V samotnom centre Trnavy m\u00f4\u017eete pod jednou strechou za\u017ei\u0165 kult\u00farne podujatia najlep\u0161\u00edch slovensk\u00fdch hercov a spev\u00e1kov, nave\u010dera\u0165 sa v jednej z najluxusnej\u0161\u00edch re\u0161taur\u00e1cii v meste alebo vyu\u017ei\u0165 bohat\u00e9 mo\u017enosti n\u00e1kupov a slu\u017eieb.[\/vc_column_text][\/vc_column][vc_column width=&#8220;1\/2&#8243;][vc_single_image image=&#8220;4218&#8243; img_size=&#8220;full&#8220;][vc_single_image image=&#8220;4224&#8243; img_size=&#8220;full&#8220;][\/vc_column][\/vc_row][vc_row full_width=&#8220;stretch_row&#8220; css=&#8220;.vc_custom_1551359856530{padding-top: 45px !important;padding-bottom: 50px !important;background-image: url(https:\/\/www.dktrnava.sk\/wp-content\/uploads\/2019\/02\/gallery-1.jpg?id=3770) !important;background-position: center !important;background-repeat: no-repeat !important;background-size: cover !important;}&#8220;][vc_column][vc_row_inner][vc_column_inner width=&#8220;1\/6&#8243;][\/vc_column_inner][vc_column_inner width=&#8220;2\/3&#8243;]<div class=\"tv_heading_style2 text-center \"><h5 style=color:#b08d54 class=\"tv_heading2_sub_title\">Slu\u017eby<\/h5><h1 style=color:#ffffff class=\"tv_heading2_title\">Ponuka Slu\u017eieb V DK Trnava<\/h1><\/div>[\/vc_column_inner][vc_column_inner width=&#8220;1\/6&#8243;][\/vc_column_inner][\/vc_row_inner]<div class=\"tv_team_wrapper\"> \r\n\t\t\t\t\t\t\t<div class=\"row\"><div class=\"col-lg-4 col-md-6\"><a href=\"\/?page_id=3176\"><div class=\"tv_team2_box\"><div class=\"tv_team_img\">\r\n\t\t\t\t\t\t\t\t\t\t  \t\t      <img decoding=\"async\" src=\"https:\/\/www.dktrnava.sk\/wp-content\/uploads\/2018\/11\/prenajom-priestorov-trnava.jpg\" alt=\"team_style_secod\"> \r\n\t\t\t\t\t\t\t\t\t\t\t       <\/div><div class=\"tv_team_data\">\t\t\t\t\t\r\n\t\t\t\t\t\t\t\t\t\t\t\t\t\t<!--<ul class=\"tv_team_social\"><li><a href=\"\"><span class=\"fa fa-facebook\"><\/span><\/a><\/li><li><a href=\"\"><span class=\"fa fa-twitter\"><\/span><\/a><\/li><li><a href=\"\"><span class=\"fa fa-linkedin\"><\/span><\/a><\/li><li><a href=\"\"><span class=\"fa fa-instagram\"><\/span><\/a><\/li><\/ul>-->\r\n\t\t\t\t\t\t\t\t\t\t\t           <h2>Pren\u00e1jom priestorov<\/h2><h4 class=\"tv_team_deg\">Dlhodb\u00fd a kr\u00e1tkodob\u00fd<\/h4><\/div>\r\n\t\t\t\t\t\t\t\t\t<\/div><\/a>\r\n\t\t\t\t\t\t\t\t<\/div><div class=\"col-lg-4 col-md-6\"><a href=\"\/?page_id=2423\"><div class=\"tv_team2_box\"><div class=\"tv_team_img\">\r\n\t\t\t\t\t\t\t\t\t\t  \t\t      <img decoding=\"async\" src=\"https:\/\/www.dktrnava.sk\/wp-content\/uploads\/2018\/11\/nakupna-zona-trnava.jpg\" alt=\"team_style_secod\"> \r\n\t\t\t\t\t\t\t\t\t\t\t       <\/div><div class=\"tv_team_data\">\t\t\t\t\t\r\n\t\t\t\t\t\t\t\t\t\t\t\t\t\t<!--<ul class=\"tv_team_social\"><li><a href=\"\"><span class=\"fa fa-facebook\"><\/span><\/a><\/li><li><a href=\"\"><span class=\"fa fa-twitter\"><\/span><\/a><\/li><li><a href=\"\"><span class=\"fa fa-linkedin\"><\/span><\/a><\/li><li><a href=\"\"><span class=\"fa fa-instagram\"><\/span><\/a><\/li><\/ul>-->\r\n\t\t\t\t\t\t\t\t\t\t\t           <h2>N\u00e1kupn\u00e1 z\u00f3na<\/h2><h4 class=\"tv_team_deg\">Obchodn\u00e9 prev\u00e1dzky<\/h4><\/div>\r\n\t\t\t\t\t\t\t\t\t<\/div><\/a>\r\n\t\t\t\t\t\t\t\t<\/div><div class=\"col-lg-4 col-md-6\"><a href=\"\/?page_id=2856\"><div class=\"tv_team2_box\"><div class=\"tv_team_img\">\r\n\t\t\t\t\t\t\t\t\t\t  \t\t      <img decoding=\"async\" src=\"https:\/\/www.dktrnava.sk\/wp-content\/uploads\/2018\/10\/kulturne-podujatia-trnava.jpg\" alt=\"team_style_secod\"> \r\n\t\t\t\t\t\t\t\t\t\t\t       <\/div><div class=\"tv_team_data\">\t\t\t\t\t\r\n\t\t\t\t\t\t\t\t\t\t\t\t\t\t<!--<ul class=\"tv_team_social\"><li><a href=\"\"><span class=\"fa fa-facebook\"><\/span><\/a><\/li><li><a href=\"\"><span class=\"fa fa-twitter\"><\/span><\/a><\/li><li><a href=\"\"><span class=\"fa fa-linkedin\"><\/span><\/a><\/li><li><a href=\"\"><span class=\"fa fa-instagram\"><\/span><\/a><\/li><\/ul>-->\r\n\t\t\t\t\t\t\t\t\t\t\t           <h2>Kult\u00farne podujatia<\/h2><h4 class=\"tv_team_deg\">Divadlo a koncerty<\/h4><\/div>\r\n\t\t\t\t\t\t\t\t\t<\/div><\/a>\r\n\t\t\t\t\t\t\t\t<\/div><\/div>\r\n\t\t\t\t\t<\/div>[\/vc_column][\/vc_row]<\/p>\n","protected":false},"excerpt":{"rendered":"<p>[vc_row css=&#8220;.vc_custom_1553766738465{padding-top: 80px !important;padding-bottom: 45px !important;}&#8220;][vc_column width=&#8220;1\/2&#8243; el_class=&#8220;trhotel_about&#8220;][vc_column_text css=&#8220;.vc_custom_1655718937846{margin-bottom: 15px !important;}&#8220;]Dom kult\u00fary Trnava (DK Trnava) je dominantnou s\u00fa\u010das\u0165ou centra mesta od roku 1987. Od roku 2006 je vlastn\u00edkom objektu spolo\u010dnos\u0165 \u017dOS Trnava, a.s., ktor\u00e1 po k\u00fape prist\u00fapila k\u00a0jeho rekon\u0161trukcii. T\u00e1 zah\u0155\u0148ala prestavbu vonkaj\u0161\u00edch priestorov od Troji\u010dn\u00e9ho n\u00e1mestia, vybudovanie nov\u00fdch obchodn\u00fdch prev\u00e1dzok a rekon\u0161trukciu vn\u00fatorn\u00e9ho foyer [&hellip;]<\/p>\n","protected":false},"author":1,"featured_media":0,"parent":0,"menu_order":0,"comment_status":"closed","ping_status":"closed","template":"","meta":{"footnotes":""},"class_list":["post-2288","page","type-page","status-publish","hentry"],"yoast_head":"<!-- This site is optimized with the Yoast SEO plugin v22.6 - https:\/\/yoast.com\/wordpress\/plugins\/seo\/ -->\n<title>O n\u00e1s - DK Trnava<\/title>\n<meta name=\"robots\" content=\"index, follow, max-snippet:-1, max-image-preview:large, max-video-preview:-1\" \/>\n<link rel=\"canonical\" href=\"https:\/\/www.dktrnava.sk\/?page_id=2288\" \/>\n<meta property=\"og:locale\" content=\"sk_SK\" \/>\n<meta property=\"og:type\" content=\"article\" \/>\n<meta property=\"og:title\" content=\"O n\u00e1s - DK Trnava\" \/>\n<meta property=\"og:description\" content=\"[vc_row css=&#8220;.vc_custom_1553766738465{padding-top: 80px !important;padding-bottom: 45px !important;}&#8220;][vc_column width=&#8220;1\/2&#8243; el_class=&#8220;trhotel_about&#8220;][vc_column_text css=&#8220;.vc_custom_1655718937846{margin-bottom: 15px !important;}&#8220;]Dom kult\u00fary Trnava (DK Trnava) je dominantnou s\u00fa\u010das\u0165ou centra mesta od roku 1987. Od roku 2006 je vlastn\u00edkom objektu spolo\u010dnos\u0165 \u017dOS Trnava, a.s., ktor\u00e1 po k\u00fape prist\u00fapila k\u00a0jeho rekon\u0161trukcii. T\u00e1 zah\u0155\u0148ala prestavbu vonkaj\u0161\u00edch priestorov od Troji\u010dn\u00e9ho n\u00e1mestia, vybudovanie nov\u00fdch obchodn\u00fdch prev\u00e1dzok a rekon\u0161trukciu vn\u00fatorn\u00e9ho foyer [&hellip;]\" \/>\n<meta property=\"og:url\" content=\"https:\/\/www.dktrnava.sk\/?page_id=2288\" \/>\n<meta property=\"og:site_name\" content=\"DK Trnava\" \/>\n<meta property=\"article:modified_time\" content=\"2023-04-20T05:11:00+00:00\" \/>\n<meta name=\"twitter:card\" content=\"summary_large_image\" \/>\n<meta name=\"twitter:label1\" content=\"Predpokladan\u00fd \u010das \u010d\u00edtania\" \/>\n\t<meta name=\"twitter:data1\" content=\"2 min\u00faty\" \/>\n<script type=\"application\/ld+json\" class=\"yoast-schema-graph\">{\"@context\":\"https:\/\/schema.org\",\"@graph\":[{\"@type\":\"WebPage\",\"@id\":\"https:\/\/www.dktrnava.sk\/?page_id=2288\",\"url\":\"https:\/\/www.dktrnava.sk\/?page_id=2288\",\"name\":\"O n\u00e1s - DK Trnava\",\"isPartOf\":{\"@id\":\"https:\/\/www.dktrnava.sk\/#website\"},\"datePublished\":\"2021-09-15T04:29:44+00:00\",\"dateModified\":\"2023-04-20T05:11:00+00:00\",\"breadcrumb\":{\"@id\":\"https:\/\/www.dktrnava.sk\/?page_id=2288#breadcrumb\"},\"inLanguage\":\"sk-SK\",\"potentialAction\":[{\"@type\":\"ReadAction\",\"target\":[\"https:\/\/www.dktrnava.sk\/?page_id=2288\"]}]},{\"@type\":\"BreadcrumbList\",\"@id\":\"https:\/\/www.dktrnava.sk\/?page_id=2288#breadcrumb\",\"itemListElement\":[{\"@type\":\"ListItem\",\"position\":1,\"name\":\"Home\",\"item\":\"https:\/\/www.dktrnava.sk\/\"},{\"@type\":\"ListItem\",\"position\":2,\"name\":\"O n\u00e1s\"}]},{\"@type\":\"WebSite\",\"@id\":\"https:\/\/www.dktrnava.sk\/#website\",\"url\":\"https:\/\/www.dktrnava.sk\/\",\"name\":\"DK Trnava\",\"description\":\"Dom kult\u00fary Trnava (DK Trnava) je dominantnou s\u00fa\u010das\u0165ou centra mesta od roku 1987. V samotnom centre Trnavy m\u00f4\u017eete pod jednou strechou za\u017ei\u0165 kult\u00farne podujatia najlep\u0161\u00edch slovensk\u00fdch hercov a spev\u00e1kov, nave\u010dera\u0165 sa v jednej z najluxusnej\u0161\u00edch re\u0161taur\u00e1cii v meste alebo vyu\u017ei\u0165 bohat\u00e9 mo\u017enosti n\u00e1kupov a slu\u017eieb.\",\"potentialAction\":[{\"@type\":\"SearchAction\",\"target\":{\"@type\":\"EntryPoint\",\"urlTemplate\":\"https:\/\/www.dktrnava.sk\/?s={search_term_string}\"},\"query-input\":\"required name=search_term_string\"}],\"inLanguage\":\"sk-SK\"}]}<\/script>\n<!-- \/ Yoast SEO plugin. -->","yoast_head_json":{"title":"O n\u00e1s - DK Trnava","robots":{"index":"index","follow":"follow","max-snippet":"max-snippet:-1","max-image-preview":"max-image-preview:large","max-video-preview":"max-video-preview:-1"},"canonical":"https:\/\/www.dktrnava.sk\/?page_id=2288","og_locale":"sk_SK","og_type":"article","og_title":"O n\u00e1s - DK Trnava","og_description":"[vc_row css=&#8220;.vc_custom_1553766738465{padding-top: 80px !important;padding-bottom: 45px !important;}&#8220;][vc_column width=&#8220;1\/2&#8243; el_class=&#8220;trhotel_about&#8220;][vc_column_text css=&#8220;.vc_custom_1655718937846{margin-bottom: 15px !important;}&#8220;]Dom kult\u00fary Trnava (DK Trnava) je dominantnou s\u00fa\u010das\u0165ou centra mesta od roku 1987. Od roku 2006 je vlastn\u00edkom objektu spolo\u010dnos\u0165 \u017dOS Trnava, a.s., ktor\u00e1 po k\u00fape prist\u00fapila k\u00a0jeho rekon\u0161trukcii. T\u00e1 zah\u0155\u0148ala prestavbu vonkaj\u0161\u00edch priestorov od Troji\u010dn\u00e9ho n\u00e1mestia, vybudovanie nov\u00fdch obchodn\u00fdch prev\u00e1dzok a rekon\u0161trukciu vn\u00fatorn\u00e9ho foyer [&hellip;]","og_url":"https:\/\/www.dktrnava.sk\/?page_id=2288","og_site_name":"DK Trnava","article_modified_time":"2023-04-20T05:11:00+00:00","twitter_card":"summary_large_image","twitter_misc":{"Predpokladan\u00fd \u010das \u010d\u00edtania":"2 min\u00faty"},"schema":{"@context":"https:\/\/schema.org","@graph":[{"@type":"WebPage","@id":"https:\/\/www.dktrnava.sk\/?page_id=2288","url":"https:\/\/www.dktrnava.sk\/?page_id=2288","name":"O n\u00e1s - DK Trnava","isPartOf":{"@id":"https:\/\/www.dktrnava.sk\/#website"},"datePublished":"2021-09-15T04:29:44+00:00","dateModified":"2023-04-20T05:11:00+00:00","breadcrumb":{"@id":"https:\/\/www.dktrnava.sk\/?page_id=2288#breadcrumb"},"inLanguage":"sk-SK","potentialAction":[{"@type":"ReadAction","target":["https:\/\/www.dktrnava.sk\/?page_id=2288"]}]},{"@type":"BreadcrumbList","@id":"https:\/\/www.dktrnava.sk\/?page_id=2288#breadcrumb","itemListElement":[{"@type":"ListItem","position":1,"name":"Home","item":"https:\/\/www.dktrnava.sk\/"},{"@type":"ListItem","position":2,"name":"O n\u00e1s"}]},{"@type":"WebSite","@id":"https:\/\/www.dktrnava.sk\/#website","url":"https:\/\/www.dktrnava.sk\/","name":"DK Trnava","description":"Dom kult\u00fary Trnava (DK Trnava) je dominantnou s\u00fa\u010das\u0165ou centra mesta od roku 1987. V samotnom centre Trnavy m\u00f4\u017eete pod jednou strechou za\u017ei\u0165 kult\u00farne podujatia najlep\u0161\u00edch slovensk\u00fdch hercov a spev\u00e1kov, nave\u010dera\u0165 sa v jednej z najluxusnej\u0161\u00edch re\u0161taur\u00e1cii v meste alebo vyu\u017ei\u0165 bohat\u00e9 mo\u017enosti n\u00e1kupov a slu\u017eieb.","potentialAction":[{"@type":"SearchAction","target":{"@type":"EntryPoint","urlTemplate":"https:\/\/www.dktrnava.sk\/?s={search_term_string}"},"query-input":"required name=search_term_string"}],"inLanguage":"sk-SK"}]}},"_links":{"self":[{"href":"https:\/\/www.dktrnava.sk\/index.php?rest_route=\/wp\/v2\/pages\/2288","targetHints":{"allow":["GET"]}}],"collection":[{"href":"https:\/\/www.dktrnava.sk\/index.php?rest_route=\/wp\/v2\/pages"}],"about":[{"href":"https:\/\/www.dktrnava.sk\/index.php?rest_route=\/wp\/v2\/types\/page"}],"author":[{"embeddable":true,"href":"https:\/\/www.dktrnava.sk\/index.php?rest_route=\/wp\/v2\/users\/1"}],"replies":[{"embeddable":true,"href":"https:\/\/www.dktrnava.sk\/index.php?rest_route=%2Fwp%2Fv2%2Fcomments&post=2288"}],"version-history":[{"count":9,"href":"https:\/\/www.dktrnava.sk\/index.php?rest_route=\/wp\/v2\/pages\/2288\/revisions"}],"predecessor-version":[{"id":4220,"href":"https:\/\/www.dktrnava.sk\/index.php?rest_route=\/wp\/v2\/pages\/2288\/revisions\/4220"}],"wp:attachment":[{"href":"https:\/\/www.dktrnava.sk\/index.php?rest_route=%2Fwp%2Fv2%2Fmedia&parent=2288"}],"curies":[{"name":"wp","href":"https:\/\/api.w.org\/{rel}","templated":true}]}}